{"id":63080,"date":"2025-03-01T13:45:04","date_gmt":"2025-03-01T12:45:04","guid":{"rendered":"https:\/\/www.premacolors.sk\/eshop\/?post_type=product&#038;p=63080"},"modified":"2025-11-16T13:20:24","modified_gmt":"2025-11-16T12:20:24","slug":"kochchemie-pro-allrounder-towel-40x40cm","status":"publish","type":"product","link":"https:\/\/www.premacolors.sk\/eshop\/produkt\/kochchemie-pro-allrounder-towel-40x40cm\/","title":{"rendered":"KochChemie Pro allrounder towel 40x40cm"},"content":{"rendered":"<p class=\"mb-0\">Utierka z mikrovl\u00e1kna \u017elt\u00e1 na v\u0161etky povrchy<\/p>\n<p class=\"p1\">Le\u0161tiaca utierka z mikrovl\u00e1kna pre v\u0161etky be\u017en\u00e9 polit\u00fary 80% polyester + 20% polyamid\u00a0<strong>Gram\u00e1\u017e v g \/ m\u00b2<\/strong>: 315\u00a0<strong>V\u00e4zba tkaniny:<\/strong>\u00a0pletenina<\/p>\n<p class=\"p1\"><strong>Rozmery:<\/strong>\u00a040 \u00d7 40 cm\u00a0<strong>Okraje:<\/strong>\u00a0ob\u0161it\u00e9, zaoblen\u00e9 rohy<\/p>\n<h3 class=\"p1\"><b>Pou\u017eitie :<span class=\"Apple-converted-space\">\u00a0<\/span><\/b>V\u010faka vysokej absorp\u010dnej kapacite ide\u00e1lna pre v\u0161etky pr\u00e1ce v oblasti profesion\u00e1lneho Detailingu.<\/h3>\n","protected":false},"excerpt":{"rendered":"<p>Utierka z mikrovl\u00e1kna \u017elt\u00e1 na v\u0161etky povrchy Le\u0161tiaca utierka z mikrovl\u00e1kna pre v\u0161etky be\u017en\u00e9 polit\u00fary 80% polyester + 20% polyamid\u00a0Gram\u00e1\u017e v g \/ m\u00b2: 315\u00a0V\u00e4zba tkaniny:\u00a0pletenina Rozmery:\u00a040 \u00d7 40 cm\u00a0Okraje:\u00a0ob\u0161it\u00e9, zaoblen\u00e9 rohy Pou\u017eitie :\u00a0V\u010faka vysokej absorp\u010dnej kapacite ide\u00e1lna pre v\u0161etky pr\u00e1ce v oblasti profesion\u00e1lneho Detailingu.<\/p>\n","protected":false},"featured_media":63081,"template":"","meta":{"inline_featured_image":false},"product_brand":[],"product_cat":[856,915,906,908,907],"product_tag":[],"class_list":{"0":"post-63080","1":"product","2":"type-product","3":"status-publish","4":"has-post-thumbnail","6":"product_cat-autokozmetika","7":"product_cat-cistice-interieru","8":"product_cat-lestiace-kotuce-a-handricky","9":"product_cat-prislusenstvo-kochchemie","10":"product_cat-rucne-lestenie","11":"description-off","13":"first","14":"instock","15":"taxable","16":"shipping-taxable","17":"purchasable","18":"product-type-simple"},"_links":{"self":[{"href":"https:\/\/www.premacolors.sk\/eshop\/wp-json\/wp\/v2\/product\/63080","targetHints":{"allow":["GET"]}}],"collection":[{"href":"https:\/\/www.premacolors.sk\/eshop\/wp-json\/wp\/v2\/product"}],"about":[{"href":"https:\/\/www.premacolors.sk\/eshop\/wp-json\/wp\/v2\/types\/product"}],"wp:featuredmedia":[{"embeddable":true,"href":"https:\/\/www.premacolors.sk\/eshop\/wp-json\/wp\/v2\/media\/63081"}],"wp:attachment":[{"href":"https:\/\/www.premacolors.sk\/eshop\/wp-json\/wp\/v2\/media?parent=63080"}],"wp:term":[{"taxonomy":"product_brand","embeddable":true,"href":"https:\/\/www.premacolors.sk\/eshop\/wp-json\/wp\/v2\/product_brand?post=63080"},{"taxonomy":"product_cat","embeddable":true,"href":"https:\/\/www.premacolors.sk\/eshop\/wp-json\/wp\/v2\/product_cat?post=63080"},{"taxonomy":"product_tag","embeddable":true,"href":"https:\/\/www.premacolors.sk\/eshop\/wp-json\/wp\/v2\/product_tag?post=63080"}],"curies":[{"name":"wp","href":"https:\/\/api.w.org\/{rel}","templated":true}]}}