{"id":63068,"date":"2025-03-01T13:29:56","date_gmt":"2025-03-01T12:29:56","guid":{"rendered":"https:\/\/www.premacolors.sk\/eshop\/?post_type=product&#038;p=63068"},"modified":"2025-11-16T13:23:07","modified_gmt":"2025-11-16T12:23:07","slug":"kochchemie-cistiaca-melaminova-hubka","status":"publish","type":"product","link":"https:\/\/www.premacolors.sk\/eshop\/produkt\/kochchemie-cistiaca-melaminova-hubka\/","title":{"rendered":"KochChemie \u010cistiaca melaminov\u00e1 hubka"},"content":{"rendered":"<p>\u0160peci\u00e1lna abraz\u00edvna hubka \u0161ed\u00e1 ur\u010den\u00e1 na \u010distenie vn\u00fatorn\u00fdch plastov, \u010dal\u00fanen\u00fdch a ko\u017een\u00fdch seda\u010diek.<\/p>\n<p>\u010ealej na odstr\u00e1nenie zne\u010distenia od \u010daju, k\u00e1vy, mastn\u00f4t, \u017euva\u010diek a pod.<\/p>\n<p>V\u00fdborn\u00e1 na \u010distenie ko\u017ee a ko\u017een\u00fdch predmetov.<\/p>\n<p>ROZMER: d.10 cm x \u0161.6 cm x hl.4 cm<\/p>\n","protected":false},"excerpt":{"rendered":"<p>\u0160peci\u00e1lna abraz\u00edvna hubka \u0161ed\u00e1 ur\u010den\u00e1 na \u010distenie vn\u00fatorn\u00fdch plastov, \u010dal\u00fanen\u00fdch a ko\u017een\u00fdch seda\u010diek. \u010ealej na odstr\u00e1nenie zne\u010distenia od \u010daju, k\u00e1vy, mastn\u00f4t, \u017euva\u010diek a pod. V\u00fdborn\u00e1 na \u010distenie ko\u017ee a ko\u017een\u00fdch predmetov. ROZMER: d.10 cm x \u0161.6 cm x hl.4 cm<\/p>\n","protected":false},"featured_media":63069,"template":"","meta":{"inline_featured_image":false},"product_brand":[],"product_cat":[915,908],"product_tag":[],"class_list":{"0":"post-63068","1":"product","2":"type-product","3":"status-publish","4":"has-post-thumbnail","6":"product_cat-cistice-interieru","7":"product_cat-prislusenstvo-kochchemie","8":"description-off","10":"first","11":"instock","12":"taxable","13":"shipping-taxable","14":"purchasable","15":"product-type-simple"},"_links":{"self":[{"href":"https:\/\/www.premacolors.sk\/eshop\/wp-json\/wp\/v2\/product\/63068","targetHints":{"allow":["GET"]}}],"collection":[{"href":"https:\/\/www.premacolors.sk\/eshop\/wp-json\/wp\/v2\/product"}],"about":[{"href":"https:\/\/www.premacolors.sk\/eshop\/wp-json\/wp\/v2\/types\/product"}],"wp:featuredmedia":[{"embeddable":true,"href":"https:\/\/www.premacolors.sk\/eshop\/wp-json\/wp\/v2\/media\/63069"}],"wp:attachment":[{"href":"https:\/\/www.premacolors.sk\/eshop\/wp-json\/wp\/v2\/media?parent=63068"}],"wp:term":[{"taxonomy":"product_brand","embeddable":true,"href":"https:\/\/www.premacolors.sk\/eshop\/wp-json\/wp\/v2\/product_brand?post=63068"},{"taxonomy":"product_cat","embeddable":true,"href":"https:\/\/www.premacolors.sk\/eshop\/wp-json\/wp\/v2\/product_cat?post=63068"},{"taxonomy":"product_tag","embeddable":true,"href":"https:\/\/www.premacolors.sk\/eshop\/wp-json\/wp\/v2\/product_tag?post=63068"}],"curies":[{"name":"wp","href":"https:\/\/api.w.org\/{rel}","templated":true}]}}