{"id":63062,"date":"2025-03-01T13:23:51","date_gmt":"2025-03-01T12:23:51","guid":{"rendered":"https:\/\/www.premacolors.sk\/eshop\/?post_type=product&#038;p=63062"},"modified":"2025-11-16T13:24:22","modified_gmt":"2025-11-16T12:24:22","slug":"kochchemie-aplikacna-hubka","status":"publish","type":"product","link":"https:\/\/www.premacolors.sk\/eshop\/produkt\/kochchemie-aplikacna-hubka\/","title":{"rendered":"KochChemie Aplika\u010dn\u00e1 hubka"},"content":{"rendered":"<h2><strong>M\u00e4kk\u00e1 \u0161pongia na nan\u00e1\u0161anie pr\u00edpravkov na pr\u00edstrojov\u00fa dosku a pri plastov\u00fdch dielov interi\u00e9ru.<\/strong><\/h2>\n<h2><strong>V\u010faka \u0161peci\u00e1lnemu tvaru je mo\u017en\u00e9 pou\u017eitie aj na \u0165a\u017eko pr\u00edstupn\u00fdch miestach (napr. Na prechode od pr\u00edstrojovej dosky k \u010deln\u00e9mu sklu).<\/strong><\/h2>\n<h2><strong>Rozmer :\u00a010 x 8 x 3 cm<\/strong><\/h2>\n","protected":false},"excerpt":{"rendered":"<p>M\u00e4kk\u00e1 \u0161pongia na nan\u00e1\u0161anie pr\u00edpravkov na pr\u00edstrojov\u00fa dosku a pri plastov\u00fdch dielov interi\u00e9ru. V\u010faka \u0161peci\u00e1lnemu tvaru je mo\u017en\u00e9 pou\u017eitie aj na \u0165a\u017eko pr\u00edstupn\u00fdch miestach (napr. Na prechode od pr\u00edstrojovej dosky k \u010deln\u00e9mu sklu). Rozmer :\u00a010 x 8 x 3 cm<\/p>\n","protected":false},"featured_media":63063,"template":"","meta":{"inline_featured_image":false},"product_brand":[],"product_cat":[856,916,915,908],"product_tag":[],"class_list":{"0":"post-63062","1":"product","2":"type-product","3":"status-publish","4":"has-post-thumbnail","6":"product_cat-autokozmetika","7":"product_cat-cistice-exterieru-a-motoroveho-priestoru","8":"product_cat-cistice-interieru","9":"product_cat-prislusenstvo-kochchemie","10":"description-off","12":"first","13":"instock","14":"taxable","15":"shipping-taxable","16":"purchasable","17":"product-type-simple"},"_links":{"self":[{"href":"https:\/\/www.premacolors.sk\/eshop\/wp-json\/wp\/v2\/product\/63062","targetHints":{"allow":["GET"]}}],"collection":[{"href":"https:\/\/www.premacolors.sk\/eshop\/wp-json\/wp\/v2\/product"}],"about":[{"href":"https:\/\/www.premacolors.sk\/eshop\/wp-json\/wp\/v2\/types\/product"}],"wp:featuredmedia":[{"embeddable":true,"href":"https:\/\/www.premacolors.sk\/eshop\/wp-json\/wp\/v2\/media\/63063"}],"wp:attachment":[{"href":"https:\/\/www.premacolors.sk\/eshop\/wp-json\/wp\/v2\/media?parent=63062"}],"wp:term":[{"taxonomy":"product_brand","embeddable":true,"href":"https:\/\/www.premacolors.sk\/eshop\/wp-json\/wp\/v2\/product_brand?post=63062"},{"taxonomy":"product_cat","embeddable":true,"href":"https:\/\/www.premacolors.sk\/eshop\/wp-json\/wp\/v2\/product_cat?post=63062"},{"taxonomy":"product_tag","embeddable":true,"href":"https:\/\/www.premacolors.sk\/eshop\/wp-json\/wp\/v2\/product_tag?post=63062"}],"curies":[{"name":"wp","href":"https:\/\/api.w.org\/{rel}","templated":true}]}}