{"id":63044,"date":"2025-03-01T12:54:39","date_gmt":"2025-03-01T11:54:39","guid":{"rendered":"https:\/\/www.premacolors.sk\/eshop\/?post_type=product&#038;p=63044"},"modified":"2025-11-16T13:27:34","modified_gmt":"2025-11-16T12:27:34","slug":"kochchemie-magic-wheel-cleaner-mwc-500ml","status":"publish","type":"product","link":"https:\/\/www.premacolors.sk\/eshop\/produkt\/kochchemie-magic-wheel-cleaner-mwc-500ml\/","title":{"rendered":"KochChemie Magic Wheel Cleaner Mwc 500ml"},"content":{"rendered":"<h3>\u010cisti\u010d diskov bez kysel\u00edn<\/h3>\n<p class=\"p1\">Magic Wheel Cleaner je \u00fa\u010dinn\u00fd, visk\u00f3zny \u010disti\u010d diskov bez kysel\u00edn s inovat\u00edvnym v\u00fdkonom pri jemnom a d\u00f4kladnom \u010disten\u00ed diskov.<\/p>\n<p class=\"p1\">Jeho reakt\u00edvny komponent uvo\u013e\u0148uje \u017eelezn\u00e9 \u010dastice s charakteristick\u00fdm \u010derven\u00fdm zafarben\u00edm.<\/p>\n<p class=\"p1\">Zvl\u00e1\u0161tne disperzn\u00e9 m\u00e9dium uvo\u013e\u0148uje od povrchu \u0161etrne aj siln\u00e9 zne\u010distenia.<\/p>\n<p class=\"p1\">Viskozita prostriedku zaru\u010duje, \u017ee nastriekan\u00fd Magic Wheel Cleaner ve\u013emi dobre pri\u013ene na povrchu.<\/p>\n<p class=\"p1\">Tie\u017e pri dlh\u0161ej dobe p\u00f4sobenia sa zne\u010distenia via\u017ee a \u010disti\u010d nezasych\u00e1.<\/p>\n<h3 class=\"p1\"><b>N\u00e1vod na pou\u017eitie :<\/b><\/h3>\n<ol>\n<li class=\"p1\"><strong>Magic Wheel Cleaner<\/strong>\u00a0pred pou\u017eit\u00edm kr\u00e1tko pretrepte a nastriekajte d\u00f4kladne na povrch diskov.<\/li>\n<li class=\"p1\">Pod\u013ea stup\u0148a zne\u010distenia nechajte\u00a0<strong>Magic Wheel Cleaner<\/strong>\u00a0p\u00f4sobi\u0165 2-5 min\u00fat na diskoch<\/li>\n<li class=\"p1\">Pomocou vysokotlakov\u00e9ho pr\u00edstroja poriadne opl\u00e1chnite.<\/li>\n<\/ol>\n<p>&nbsp;<\/p>\n<h3 class=\"p1\"><b>Upozornenie :<\/b><\/h3>\n<ul>\n<li class=\"p1\"><strong>Nepou\u017e\u00edva\u0165 na hor\u00face laky alebo povrchy alebo pri priamom slne\u010dnom \u017eiaren\u00ed.<\/strong><\/li>\n<li class=\"p1\">Pred pou\u017eit\u00edm skontrolujte vhodnos\u0165 pou\u017eitia a zn\u00e1\u0161anlivos\u0165.<\/li>\n<\/ul>\n","protected":false},"excerpt":{"rendered":"<p>\u010cisti\u010d diskov bez kysel\u00edn Magic Wheel Cleaner je \u00fa\u010dinn\u00fd, visk\u00f3zny \u010disti\u010d diskov bez kysel\u00edn s inovat\u00edvnym v\u00fdkonom pri jemnom a d\u00f4kladnom \u010disten\u00ed diskov. Jeho reakt\u00edvny komponent uvo\u013e\u0148uje \u017eelezn\u00e9 \u010dastice s charakteristick\u00fdm \u010derven\u00fdm zafarben\u00edm. Zvl\u00e1\u0161tne disperzn\u00e9 m\u00e9dium uvo\u013e\u0148uje od povrchu \u0161etrne aj siln\u00e9 zne\u010distenia. Viskozita prostriedku zaru\u010duje, \u017ee nastriekan\u00fd Magic Wheel Cleaner ve\u013emi dobre pri\u013ene na&hellip;<\/p>\n","protected":false},"featured_media":63045,"template":"","meta":{"inline_featured_image":false},"product_brand":[],"product_cat":[916],"product_tag":[],"class_list":{"0":"post-63044","1":"product","2":"type-product","3":"status-publish","4":"has-post-thumbnail","6":"product_cat-cistice-exterieru-a-motoroveho-priestoru","7":"description-off","9":"first","10":"instock","11":"taxable","12":"shipping-taxable","13":"purchasable","14":"product-type-simple"},"_links":{"self":[{"href":"https:\/\/www.premacolors.sk\/eshop\/wp-json\/wp\/v2\/product\/63044","targetHints":{"allow":["GET"]}}],"collection":[{"href":"https:\/\/www.premacolors.sk\/eshop\/wp-json\/wp\/v2\/product"}],"about":[{"href":"https:\/\/www.premacolors.sk\/eshop\/wp-json\/wp\/v2\/types\/product"}],"wp:featuredmedia":[{"embeddable":true,"href":"https:\/\/www.premacolors.sk\/eshop\/wp-json\/wp\/v2\/media\/63045"}],"wp:attachment":[{"href":"https:\/\/www.premacolors.sk\/eshop\/wp-json\/wp\/v2\/media?parent=63044"}],"wp:term":[{"taxonomy":"product_brand","embeddable":true,"href":"https:\/\/www.premacolors.sk\/eshop\/wp-json\/wp\/v2\/product_brand?post=63044"},{"taxonomy":"product_cat","embeddable":true,"href":"https:\/\/www.premacolors.sk\/eshop\/wp-json\/wp\/v2\/product_cat?post=63044"},{"taxonomy":"product_tag","embeddable":true,"href":"https:\/\/www.premacolors.sk\/eshop\/wp-json\/wp\/v2\/product_tag?post=63044"}],"curies":[{"name":"wp","href":"https:\/\/api.w.org\/{rel}","templated":true}]}}