{"id":63037,"date":"2025-03-01T12:13:57","date_gmt":"2025-03-01T11:13:57","guid":{"rendered":"https:\/\/www.premacolors.sk\/eshop\/?post_type=product&#038;p=63037"},"modified":"2025-11-16T13:28:38","modified_gmt":"2025-11-16T12:28:38","slug":"kochchemie-cockpit-super-pflege-csp-1l","status":"publish","type":"product","link":"https:\/\/www.premacolors.sk\/eshop\/produkt\/kochchemie-cockpit-super-pflege-csp-1l\/","title":{"rendered":"KochChemie Cockpit-Super-Pflege Csp 1L"},"content":{"rendered":"<h3 class=\"p1\"><b>O\u0161etrenie plastov\u00fdch dielov v interi\u00e9ri, leskl\u00fd vzh\u013ead<\/b><\/h3>\n<p>Cockpit-Super-Pflege je vynikaj\u00faci prostriedok pre starostlivos\u0165 o interi\u00e9rov\u00e9 plasty s o\u0161etruj\u00facimi a konzerva\u010dn\u00fdmi vlastnos\u0165ami.<\/p>\n<p>Dlhodobo chr\u00e1ni pred nov\u00fdm zne\u010disten\u00edm a UV \u017eiaren\u00edm.<\/p>\n<p>So svie\u017eou v\u00f4\u0148ou.<\/p>\n<h3 class=\"p2\"><b>N\u00e1vod na pou\u017eitie :<\/b><\/h3>\n<ol>\n<li class=\"p2\">Pomocou f\u013ea\u0161e s rozpra\u0161ova\u010dom nastriekajte na\u00a0<strong>m\u00e4kk\u00fa hubku<\/strong><\/li>\n<li class=\"p2\">Rovnomerne rozotrite po povrchu<\/li>\n<li class=\"p2\">Nechajte zaschn\u00fa\u0165 a v pr\u00edpade potreby utrite\u00a0<strong>handri\u010dkou z mikrovl\u00e1kna<\/strong>.<\/li>\n<\/ol>\n<p>&nbsp;<\/p>\n<h3 class=\"p2\"><b>Upozornenie :<\/b><\/h3>\n<ul>\n<li>Nepou\u017e\u00edvajte na plochy, pri ktor\u00fdch je hladk\u00fd povrch ne\u017eiaduci napr. ped\u00e1le, volant, pneumatiky<\/li>\n<li>Pred pou\u017eit\u00edm skontrolujte vhodnos\u0165 a zn\u00e1\u0161anlivos\u0165.<\/li>\n<\/ul>\n","protected":false},"excerpt":{"rendered":"<p>O\u0161etrenie plastov\u00fdch dielov v interi\u00e9ri, leskl\u00fd vzh\u013ead Cockpit-Super-Pflege je vynikaj\u00faci prostriedok pre starostlivos\u0165 o interi\u00e9rov\u00e9 plasty s o\u0161etruj\u00facimi a konzerva\u010dn\u00fdmi vlastnos\u0165ami. Dlhodobo chr\u00e1ni pred nov\u00fdm zne\u010disten\u00edm a UV \u017eiaren\u00edm. So svie\u017eou v\u00f4\u0148ou. N\u00e1vod na pou\u017eitie : Pomocou f\u013ea\u0161e s rozpra\u0161ova\u010dom nastriekajte na\u00a0m\u00e4kk\u00fa hubku Rovnomerne rozotrite po povrchu Nechajte zaschn\u00fa\u0165 a v pr\u00edpade potreby utrite\u00a0handri\u010dkou z&hellip;<\/p>\n","protected":false},"featured_media":63038,"template":"","meta":{"inline_featured_image":false},"product_brand":[],"product_cat":[915],"product_tag":[],"class_list":{"0":"post-63037","1":"product","2":"type-product","3":"status-publish","4":"has-post-thumbnail","6":"product_cat-cistice-interieru","7":"description-off","9":"first","10":"instock","11":"taxable","12":"shipping-taxable","13":"purchasable","14":"product-type-simple"},"_links":{"self":[{"href":"https:\/\/www.premacolors.sk\/eshop\/wp-json\/wp\/v2\/product\/63037","targetHints":{"allow":["GET"]}}],"collection":[{"href":"https:\/\/www.premacolors.sk\/eshop\/wp-json\/wp\/v2\/product"}],"about":[{"href":"https:\/\/www.premacolors.sk\/eshop\/wp-json\/wp\/v2\/types\/product"}],"wp:featuredmedia":[{"embeddable":true,"href":"https:\/\/www.premacolors.sk\/eshop\/wp-json\/wp\/v2\/media\/63038"}],"wp:attachment":[{"href":"https:\/\/www.premacolors.sk\/eshop\/wp-json\/wp\/v2\/media?parent=63037"}],"wp:term":[{"taxonomy":"product_brand","embeddable":true,"href":"https:\/\/www.premacolors.sk\/eshop\/wp-json\/wp\/v2\/product_brand?post=63037"},{"taxonomy":"product_cat","embeddable":true,"href":"https:\/\/www.premacolors.sk\/eshop\/wp-json\/wp\/v2\/product_cat?post=63037"},{"taxonomy":"product_tag","embeddable":true,"href":"https:\/\/www.premacolors.sk\/eshop\/wp-json\/wp\/v2\/product_tag?post=63037"}],"curies":[{"name":"wp","href":"https:\/\/api.w.org\/{rel}","templated":true}]}}