{"id":63034,"date":"2025-03-01T12:04:54","date_gmt":"2025-03-01T11:04:54","guid":{"rendered":"https:\/\/www.premacolors.sk\/eshop\/?post_type=product&#038;p=63034"},"modified":"2025-11-16T13:28:56","modified_gmt":"2025-11-16T12:28:56","slug":"kochchemie-leather-star-ls-1l","status":"publish","type":"product","link":"https:\/\/www.premacolors.sk\/eshop\/produkt\/kochchemie-leather-star-ls-1l\/","title":{"rendered":"KochChemie Leather Star Ls 1L"},"content":{"rendered":"<h3 class=\"p1\"><b>H\u013abkov\u00fd o\u0161etruj\u00faci pr\u00edpravok na ko\u017eu<\/b><\/h3>\n<p class=\"p1\">Pr\u00e9miov\u00fd o\u0161etruj\u00faci pr\u00edpravok na ko\u017eu pre prirodzen\u00fd hodv\u00e1bne matn\u00fd povrch.<\/p>\n<p class=\"p1\">Pre osvie\u017eenie a konzervovanie hladk\u00fdch, vel\u00farov\u00fdch a perforovan\u00fdch ko\u017een\u00fdch materi\u00e1lov sedadiel automobilov, pohoviek at\u010f. <strong>Leather Star<\/strong> sa jednoducho nan\u00e1\u0161a, m\u00e1 pr\u00edjemn\u00fa v\u00f4\u0148u, zintenz\u00edv\u0148uje vzh\u013ead farieb a star\u00e1 sa o m\u00e4kk\u00fd pocit pri dotyku, bez toho aby vznikol ne\u017eiaduci lesk materi\u00e1lu.<\/p>\n<p class=\"p1\">V\u010faka pou\u017eitiu najkvalitnej\u0161\u00edch \u00fa\u010dinn\u00fdch l\u00e1tok z kozmetiky zost\u00e1va ko\u017ea vl\u00e1\u010dn\u00e1 a dlhodobo chr\u00e1nen\u00e1 pred op\u00e4tovn\u00fdm zne\u010disten\u00edm a skrehnut\u00edm.<\/p>\n<h3 class=\"p1\"><b>N\u00e1vod na pou\u017eitie :<\/b><\/h3>\n<ol>\n<li class=\"p1\">Ne\u010distoty najsk\u00f4r odstr\u00e1\u0148te vhodn\u00fdm \u010distiacim prostriedkom (napr.\u00a0<b>Pol Star<\/b>)<\/li>\n<li class=\"p1\">Utrite vlhkou\u00a0<strong>utierkou<\/strong>\u00a0a nechajte d\u00f4kladne vyschn\u00fa\u0165<\/li>\n<li class=\"p1\">Prostriedok\u00a0<strong>Leather Star<\/strong>\u00a0<strong>pred pou\u017eit\u00edm pretrept<\/strong>e;<\/li>\n<li class=\"p1\">\u0161pongiou\u00a0alebo m\u00e4kkou\u00a0utierkou z mikrovl\u00e1kna\u00a0naneste rovnomern\u00fa vrstvu na cel\u00fa plochu ko\u017een\u00e9ho povrchu a nechajte zaschn\u00fa\u0165<\/li>\n<li class=\"p1\">Pr\u00edpadn\u00e9 prebyto\u010dn\u00e9 mno\u017estvo zotrite<strong>\u00a0m\u00e4kkou utierkou<\/strong>.<\/li>\n<\/ol>\n<h3 class=\"p1\"><b>Upozornenie :<\/b><\/h3>\n<p class=\"p1\">Pred pou\u017eit\u00edm skontrolujte vhodnos\u0165 a zn\u00e1\u0161anlivos\u0165.<\/p>\n","protected":false},"excerpt":{"rendered":"<p>H\u013abkov\u00fd o\u0161etruj\u00faci pr\u00edpravok na ko\u017eu Pr\u00e9miov\u00fd o\u0161etruj\u00faci pr\u00edpravok na ko\u017eu pre prirodzen\u00fd hodv\u00e1bne matn\u00fd povrch. Pre osvie\u017eenie a konzervovanie hladk\u00fdch, vel\u00farov\u00fdch a perforovan\u00fdch ko\u017een\u00fdch materi\u00e1lov sedadiel automobilov, pohoviek at\u010f. Leather Star sa jednoducho nan\u00e1\u0161a, m\u00e1 pr\u00edjemn\u00fa v\u00f4\u0148u, zintenz\u00edv\u0148uje vzh\u013ead farieb a star\u00e1 sa o m\u00e4kk\u00fd pocit pri dotyku, bez toho aby vznikol ne\u017eiaduci lesk materi\u00e1lu.&hellip;<\/p>\n","protected":false},"featured_media":63035,"template":"","meta":{"inline_featured_image":false},"product_brand":[],"product_cat":[915],"product_tag":[],"class_list":{"0":"post-63034","1":"product","2":"type-product","3":"status-publish","4":"has-post-thumbnail","6":"product_cat-cistice-interieru","7":"description-off","9":"first","10":"instock","11":"taxable","12":"shipping-taxable","13":"purchasable","14":"product-type-simple"},"_links":{"self":[{"href":"https:\/\/www.premacolors.sk\/eshop\/wp-json\/wp\/v2\/product\/63034","targetHints":{"allow":["GET"]}}],"collection":[{"href":"https:\/\/www.premacolors.sk\/eshop\/wp-json\/wp\/v2\/product"}],"about":[{"href":"https:\/\/www.premacolors.sk\/eshop\/wp-json\/wp\/v2\/types\/product"}],"wp:featuredmedia":[{"embeddable":true,"href":"https:\/\/www.premacolors.sk\/eshop\/wp-json\/wp\/v2\/media\/63035"}],"wp:attachment":[{"href":"https:\/\/www.premacolors.sk\/eshop\/wp-json\/wp\/v2\/media?parent=63034"}],"wp:term":[{"taxonomy":"product_brand","embeddable":true,"href":"https:\/\/www.premacolors.sk\/eshop\/wp-json\/wp\/v2\/product_brand?post=63034"},{"taxonomy":"product_cat","embeddable":true,"href":"https:\/\/www.premacolors.sk\/eshop\/wp-json\/wp\/v2\/product_cat?post=63034"},{"taxonomy":"product_tag","embeddable":true,"href":"https:\/\/www.premacolors.sk\/eshop\/wp-json\/wp\/v2\/product_tag?post=63034"}],"curies":[{"name":"wp","href":"https:\/\/api.w.org\/{rel}","templated":true}]}}