{"id":57936,"date":"2023-02-11T15:23:05","date_gmt":"2023-02-11T14:23:05","guid":{"rendered":"https:\/\/www.premacolors.sk\/eshop\/?post_type=product&#038;p=57936"},"modified":"2023-03-07T21:10:22","modified_gmt":"2023-03-07T20:10:22","slug":"chamaleon-sprej-do-dutin-2","status":"publish","type":"product","link":"https:\/\/www.premacolors.sk\/eshop\/produkt\/chamaleon-sprej-do-dutin-2\/","title":{"rendered":"Cham\u00e4leon sprej do dut\u00edn"},"content":{"rendered":"<ul>\n<li>vysoko kvalitn\u00fd konzerva\u010dn\u00fd prostriedok do dut\u00edn automobilov<\/li>\n<li>excelentn\u00e1 ochrana vo\u010di kor\u00f3zii<\/li>\n<li>v\u00fdborn\u00e1 pri\u013enavos\u0165<\/li>\n<li>odoln\u00fd vo\u010di vplyvom po\u010dasia, slab\u00fdm kyselin\u00e1m a z\u00e1sad\u00e1m<\/li>\n<li>dobr\u00e9 penetra\u010dn\u00e9 vlastnosti<\/li>\n<li>balenie : 500ml<\/li>\n<\/ul>\n","protected":false},"excerpt":{"rendered":"<p>vysoko kvalitn\u00fd konzerva\u010dn\u00fd prostriedok do dut\u00edn automobilov excelentn\u00e1 ochrana vo\u010di kor\u00f3zii v\u00fdborn\u00e1 pri\u013enavos\u0165 odoln\u00fd vo\u010di vplyvom po\u010dasia, slab\u00fdm kyselin\u00e1m a z\u00e1sad\u00e1m dobr\u00e9 penetra\u010dn\u00e9 vlastnosti balenie : 500ml<\/p>\n","protected":false},"featured_media":57909,"template":"","meta":{"inline_featured_image":false},"product_brand":[],"product_cat":[645],"product_tag":[],"class_list":{"0":"post-57936","1":"product","2":"type-product","3":"status-publish","4":"has-post-thumbnail","6":"product_cat-ochrana-podvozku","7":"description-off","9":"first","10":"instock","11":"taxable","12":"shipping-taxable","13":"purchasable","14":"product-type-simple"},"_links":{"self":[{"href":"https:\/\/www.premacolors.sk\/eshop\/wp-json\/wp\/v2\/product\/57936","targetHints":{"allow":["GET"]}}],"collection":[{"href":"https:\/\/www.premacolors.sk\/eshop\/wp-json\/wp\/v2\/product"}],"about":[{"href":"https:\/\/www.premacolors.sk\/eshop\/wp-json\/wp\/v2\/types\/product"}],"wp:featuredmedia":[{"embeddable":true,"href":"https:\/\/www.premacolors.sk\/eshop\/wp-json\/wp\/v2\/media\/57909"}],"wp:attachment":[{"href":"https:\/\/www.premacolors.sk\/eshop\/wp-json\/wp\/v2\/media?parent=57936"}],"wp:term":[{"taxonomy":"product_brand","embeddable":true,"href":"https:\/\/www.premacolors.sk\/eshop\/wp-json\/wp\/v2\/product_brand?post=57936"},{"taxonomy":"product_cat","embeddable":true,"href":"https:\/\/www.premacolors.sk\/eshop\/wp-json\/wp\/v2\/product_cat?post=57936"},{"taxonomy":"product_tag","embeddable":true,"href":"https:\/\/www.premacolors.sk\/eshop\/wp-json\/wp\/v2\/product_tag?post=57936"}],"curies":[{"name":"wp","href":"https:\/\/api.w.org\/{rel}","templated":true}]}}