{"id":57715,"date":"2023-02-03T21:02:52","date_gmt":"2023-02-03T20:02:52","guid":{"rendered":"https:\/\/www.premacolors.sk\/eshop\/?page_id=57715"},"modified":"2023-06-15T13:15:57","modified_gmt":"2023-06-15T11:15:57","slug":"reklamacne-podmienky","status":"publish","type":"page","link":"https:\/\/www.premacolors.sk\/eshop\/reklamacne-podmienky\/","title":{"rendered":"Reklama\u010dn\u00e9 podmienky"},"content":{"rendered":"<div class=\"wpb-content-wrapper\"><p>[vc_row][vc_column][vc_column_text]1. Reklamova\u0165 je mo\u017en\u00e9 len tovar, ktor\u00fd bol zak\u00fapen\u00fd len od pred\u00e1vaj\u00faceho a ktor\u00fd je vlastn\u00edctvom kupuj\u00faceho.<\/p>\n<p>2. V pr\u00edpade ak vlastn\u00edcke pr\u00e1vo e\u0161te nepre\u0161lo z pred\u00e1vaj\u00faceho na kupuj\u00faceho, kupuj\u00faci si v zmysle platnej legislat\u00edvy m\u00f4\u017ee reklam\u00e1ciu vybavi\u0165 a\u017e po \u00faplnej \u00fahrade v zmysle \u00a7 151a a nasl. Ob\u010dianskeho z\u00e1konn\u00edka.<\/p>\n<p>3. V\u0161etky v\u00fdrobky maj\u00fa vyzna\u010den\u00fd d\u00e1tum spotreby, ktor\u00fd je ur\u010duj\u00facim faktorom \u010di v\u00fdrobok je e\u0161te pou\u017eite\u013en\u00fd<\/p>\n<p>4. Kupuj\u00faci je povinn\u00fd reklam\u00e1ciu uplatni\u0165 bezodkladne u pred\u00e1vaj\u00faceho, a to hne\u010f po zisten\u00ed vady.<\/p>\n<p>5. Zodpovednos\u0165 za vady sa nevz\u0165ahuje na vady sp\u00f4soben\u00e9 nasledovn\u00fdm u\u017e\u00edvan\u00edm:<\/p>\n<p>\u2981 k vade do\u0161lo mechanick\u00fdm po\u0161koden\u00edm v\u00fdrobku sp\u00f4soben\u00fdm kupuj\u00facim,<br \/>\n\u2981 nespr\u00e1vnym zaobch\u00e1dzan\u00edm s v\u00fdrobkom, sp\u00f4sobom in\u00fdm ako bol uveden\u00fd v n\u00e1vode na pou\u017e\u00edvanie,<br \/>\n\u2981 pou\u017e\u00edvan\u00edm tovaru v podmienkach, ktor\u00e9 neodpovedaj\u00fa svojou teplotou, vlhkos\u0165ou, chemick\u00fdmi a mechanick\u00fdmi vplyvmi prirodzen\u00e9ho prostrediu tovaru,<br \/>\n\u2981 zanedban\u00edm starostlivosti a \u00fadr\u017eby o tovar,<br \/>\n\u2981 po\u0161koden\u00edm tovaru nadmern\u00fdm za\u0165a\u017eovan\u00edm,<br \/>\n\u2981 pou\u017e\u00edvan\u00edm tovaru v rozpore s podmienkami uveden\u00fdmi v dokument\u00e1cii, v\u0161eobecn\u00fdmi z\u00e1sadami, technick\u00fdmi normami alebo bezpe\u010dnostn\u00fdmi predpismi alebo in\u00fdm poru\u0161en\u00edm z\u00e1ru\u010dn\u00fdch podmienok.<\/p>\n<p>6. Zo zodpovednosti za vady s\u00fa taktie\u017e vy\u0148at\u00e9 vady, ktor\u00e9 vznikli pri \u017eivelnej pohrome.<\/p>\n<p>7. Reklamovan\u00fd tovar je potrebn\u00e9 zasla\u0165 na na\u0161u adresu uveden\u00fa ni\u017e\u0161ie av\u0161ak nie na dobierku, alebo osobne donies\u0165 na kontaktn\u00fa adresu. Tovar je potrebn\u00e9 vhodne zabali\u0165, aby po\u010das prepravy nedo\u0161lo k po\u0161kodeniu tovaru a odpor\u00fa\u010dame tovar zasla\u0165 doporu\u010dene, pr\u00edpadne ako poisten\u00fa z\u00e1sielku.<br \/>\nK tovaru je potrebn\u00e9 pripoji\u0165 k\u00f3piu dokladu o k\u00fape (fakt\u00faru) a odpor\u00fa\u010dame prilo\u017ei\u0165 vyplnen\u00fd Reklama\u010dn\u00fd formul\u00e1r.<\/p>\n<p>8. Pred\u00e1vaj\u00faci potvrd\u00ed prijatie reklam\u00e1cie a vyd\u00e1 kupuj\u00facemu potvrdenie o uplatnen\u00ed reklam\u00e1cie tovaru vo vhodnej forme. Za de\u0148 uplatnenia reklam\u00e1cie sa pova\u017euje de\u0148 jej doru\u010denia pred\u00e1vaj\u00facemu. Ak nie je mo\u017en\u00e9 potvrdenie doru\u010di\u0165 ihne\u010f, mus\u00ed sa doru\u010di\u0165 bez zbyto\u010dn\u00e9ho odkladu, najnesk\u00f4r v\u0161ak spolu s dokladom o vybaven\u00ed reklam\u00e1cie. Potvrdenie o vybaven\u00ed reklam\u00e1cie bude zaslan\u00e9 p\u00edsomne.<\/p>\n<p>9. Pred\u00e1vaj\u00faci je povinn\u00fd ur\u010di\u0165 sp\u00f4sob vybavenia reklam\u00e1cie ihne\u010f, v zlo\u017eit\u00fdch pr\u00edpadoch do 3 dn\u00ed odo d\u0148a uplatnenia reklam\u00e1cie. V od\u00f4vodnen\u00fdch pr\u00edpadoch, najm\u00e4 ak sa vy\u017eaduje zlo\u017eit\u00e9 technick\u00e9 zhodnotenie tovaru najnesk\u00f4r do 30 dni odo d\u0148a uplatnenia reklam\u00e1cie. Po ur\u010den\u00ed sp\u00f4sobu vybavenia reklam\u00e1cie vybav\u00ed reklam\u00e1ciu pred\u00e1vaj\u00faci ihne\u010f, v od\u00f4vodnen\u00fdch pr\u00edpadoch mo\u017eno reklam\u00e1ciu vybavi\u0165 aj nesk\u00f4r. Vybavenie reklam\u00e1cie v\u0161ak nesmie by\u0165 dlh\u0161ie ako 30 dn\u00ed odo d\u0148a uplatnenia reklam\u00e1cie. Po uplynut\u00ed 30 d\u0148ovej lehoty na vybavenie reklam\u00e1cie ma kupuj\u00faci pr\u00e1vo odst\u00fapi\u0165 od k\u00fapnej zmluvy a bude mu vr\u00e1ten\u00e1 pln\u00e1 suma za tovar alebo m\u00e1 pr\u00e1vo na v\u00fdmenu tovaru za nov\u00fd.<\/p>\n<p>10. Pr\u00e1va kupuj\u00faceho pri uplat\u0148ovan\u00ed reklam\u00e1cie:<br \/>\n\u2981 pri odstr\u00e1nite\u013enej chybe m\u00e1 kupuj\u00faci pr\u00e1vo, aby t\u00e1 bola odstr\u00e1nen\u00e1 bezplatne, riadne a v\u010das. O sp\u00f4sobe odstr\u00e1nenia vady rozhoduje pred\u00e1vaj\u00faci. Kupuj\u00faci m\u00f4\u017ee po\u017eadova\u0165 namiesto o opravy vady (opravy) v\u00fdmenu chybnej veci za bezchybn\u00fa, ak t\u00fdm pred\u00e1vaj\u00facemu nevznikn\u00fa neprimeran\u00e9 n\u00e1klady vzh\u013eadom na cenu tovaru alebo z\u00e1va\u017enos\u0165 chyby,<br \/>\n\u2981 pri v\u00fdskyte neodstr\u00e1nite\u013enej chyby, ktor\u00e1 br\u00e1ni riadnemu u\u017e\u00edvaniu veci na dan\u00fd \u00fa\u010del, m\u00e1 kupuj\u00faci pr\u00e1vo bu\u010f na v\u00fdmenu veci alebo na odst\u00fapenie od k\u00fapnej zmluvy (vr\u00e1tenie pe\u0148az\u00ed).<br \/>\n\u2981 reklam\u00e1cia sa pova\u017euje za vybaven\u00fa, ak sa skon\u010d\u00ed reklama\u010dn\u00e9 konanie odovzdan\u00edm reklamovan\u00e9ho tovaru, jeho v\u00fdmenou alebo vr\u00e1ten\u00edm k\u00fapnej ceny tovaru, p\u00edsomnou v\u00fdzvou na prevzatie plnenia alebo jej od\u00f4vodnen\u00e9 zamietnutie.<\/p>\n<p>11. V pr\u00edpade \u017ee bal\u00edk je vidite\u013ene po\u0161koden\u00fd, odpor\u00fa\u010dame kupuj\u00facim rozbali\u0165 tovar a prezrie\u0165 si ho v pr\u00edtomnosti dopravcu. V pr\u00edpade, \u017ee by bol obsah bal\u00edka po\u0161koden\u00fd tak sa s dopravcom sp\u00ed\u0161e reklam\u00e1cia, na z\u00e1klade ktorej V\u00e1m po\u0161koden\u00fd tovar vymen\u00edme, alebo dobropisujeme peniaze.<\/p>\n<p>12. Tieto reklama\u010dn\u00e9 podmienky s\u00fa neoddelite\u013enou s\u00fa\u010das\u0165ou v\u0161eobecn\u00fdch obchodn\u00fdch podmienok, a pred\u00e1vaj\u00faci si vyhradzuje pr\u00e1vo ich kedyko\u013evek meni\u0165 aj bez predch\u00e1dzaj\u00faceho upozornenia kupuj\u00faceho.<\/p>\n<p>13. Kontakt:<\/p>\n<p>Prema \u2013 Ivan Slobodn\u00edk<br \/>\ninfo@sprejovo.sk<br \/>\ntel.: 0911 277 217<\/p>\n<p>V Nitre, 1.febru\u00e1ra 2023<br \/>\n[\/vc_column_text][\/vc_column][\/vc_row]<\/p>\n<\/div>","protected":false},"excerpt":{"rendered":"<p>[vc_row][vc_column][vc_column_text]1. Reklamova\u0165 je mo\u017en\u00e9 len tovar, ktor\u00fd bol zak\u00fapen\u00fd len od pred\u00e1vaj\u00faceho a ktor\u00fd je vlastn\u00edctvom kupuj\u00faceho. 2. V pr\u00edpade ak vlastn\u00edcke pr\u00e1vo e\u0161te nepre\u0161lo z pred\u00e1vaj\u00faceho na kupuj\u00faceho, kupuj\u00faci si v zmysle platnej legislat\u00edvy m\u00f4\u017ee reklam\u00e1ciu vybavi\u0165 a\u017e po \u00faplnej \u00fahrade v zmysle \u00a7 151a a nasl. Ob\u010dianskeho z\u00e1konn\u00edka. 3. V\u0161etky v\u00fdrobky maj\u00fa vyzna\u010den\u00fd&hellip;<\/p>\n","protected":false},"author":1,"featured_media":0,"parent":0,"menu_order":0,"comment_status":"closed","ping_status":"closed","template":"","meta":{"inline_featured_image":false,"footnotes":""},"class_list":["post-57715","page","type-page","status-publish","hentry","description-off"],"_links":{"self":[{"href":"https:\/\/www.premacolors.sk\/eshop\/wp-json\/wp\/v2\/pages\/57715","targetHints":{"allow":["GET"]}}],"collection":[{"href":"https:\/\/www.premacolors.sk\/eshop\/wp-json\/wp\/v2\/pages"}],"about":[{"href":"https:\/\/www.premacolors.sk\/eshop\/wp-json\/wp\/v2\/types\/page"}],"author":[{"embeddable":true,"href":"https:\/\/www.premacolors.sk\/eshop\/wp-json\/wp\/v2\/users\/1"}],"replies":[{"embeddable":true,"href":"https:\/\/www.premacolors.sk\/eshop\/wp-json\/wp\/v2\/comments?post=57715"}],"version-history":[{"count":3,"href":"https:\/\/www.premacolors.sk\/eshop\/wp-json\/wp\/v2\/pages\/57715\/revisions"}],"predecessor-version":[{"id":57723,"href":"https:\/\/www.premacolors.sk\/eshop\/wp-json\/wp\/v2\/pages\/57715\/revisions\/57723"}],"wp:attachment":[{"href":"https:\/\/www.premacolors.sk\/eshop\/wp-json\/wp\/v2\/media?parent=57715"}],"curies":[{"name":"wp","href":"https:\/\/api.w.org\/{rel}","templated":true}]}}